-38))/(-3) + (-27132)/(-381216)). What is the greatest common divisor of 143 and p?
11
Let u be (-48)/(-240) - 1*239/(-5). Suppose -4*j = -0*j - 3*p - 131, -5*p = 4*j - 123. Calculate the greatest common factor of u and j.
16
Let l be (-2)/5 - (-108)/20. Suppose 0 = -4*q - 20, l*y - 2*q + 95 = 8*y. What is the highest common factor of y and 7?
7
Let n = -82 + 84. Suppose m + 5*h = -n*m, -h = -4*m + 23. Suppose 33 = m*q - 237. Calculate the greatest common divisor of 18 and q.
18
Let k(a) = -a**2 - 7*a + 86. Let s be k(0). Let q = 211 - s. Calculate the highest common factor of q and 5.
5
Suppose 2*w = i + 2, 4*i + 9 = -5*w + 53. Suppose 219 = 106*q - 109*q. Let n = q + 97. Calculate the highest common factor of n and i.
6
Suppose 34*h - 40 = 30*h + 5*s, 4*h - 64 = -s. Calculate the greatest common factor of 5 and h.
5
Let s be 8/(-32) - 34/(-8). Suppose -2*h = -2*u + 46, s*h = 2*u - 5*u + 55. Suppose -47*i = -32*i - 3465. What is the greatest common factor of u and i?
21
Let v(z) = -95*z - 19. Let m be v(-5). Let u = m + -180. Suppose -6*o - u = -18*o. Calculate the highest common factor of 92 and o.
23
Suppose 3*a - 1141 = -3*g + 500, 2*a - 1097 = -3*g. Let b be 2/(-2)*1*-16. Calculate the highest common factor of b and a.
16
Let v be ((-492)/82)/((-1)/122). Calculate the highest common divisor of v and 264.
12
Let m be (146/219)/((-2)/1014). Let u = m + 373. What is the greatest common divisor of u and 21?
7
Suppose 41 = 13*d + 14 - 25. Let f = -3 - -23. Calculate the greatest common divisor of d and f.
4
Let g = -878 + 881. Calculate the greatest common factor of 129 and g.
3
Let d be ((-17150)/(-140))/((-15)/(-6)) - 28. Suppose -b = u - 334, 2*u + b + 1010 = 5*u. What is the highest common factor of u and d?
21
Suppose -5*k + 4*k = -5. Let d(s) = -2*s + 2. Let i be d(20). Let g be (i/k)/((-3)/15). Calculate the highest common factor of 38 and g.
38
Let o be 133/57 + (-2)/6. Suppose -o*a + 3*a = 133. What is the highest common divisor of a and 19?
19
Let s(y) = -y - 9. Let u be s(-14). Let n be (-3)/u + (24/(-10) - -3). Let b be (18 + n)*(30/9 + -1). Calculate the greatest common divisor of b and 56.
14
Let d be 0*(-3)/(-6)*3/6. Suppose d*h = -9*h + 27. Suppose w + h = 2*n, -4*n - w = w - 26. What is the greatest common divisor of 6 and n?
2
Let n be (-14220)/(-75) + 6/15. Calculate the highest common factor of n and 4978.
38
Let y = 21 - 13. Let w be (-9)/27 - -2*(-364)/(-24). Let d be 406/210 - (-2)/w. Calculate the greatest common factor of y and d.
2
Let f(q) = -4*q - 20 - 2*q - 13 + 0*q + 8. Let d(v) = v**2 - 8*v + 6. Let z be d(4). Let n be f(z). What is the highest common factor of n and 5?
5
Suppose -25*i + 27*i + 1768 = 28*i. Suppose 4*g + 5*r - 1 = 30, -8 = g - 4*r. What is the highest common divisor of g and i?
4
Let y(r) = -20*r**2 - 1516*r + 123. Let c be y(-51). What is the highest common divisor of c and 111?
111
Let w be -2 + 3 - (-6 - -5). Let p(k) = 7*k**2 - 3*k - k**w - 23 + 0*k - 4*k**2. Let v be p(-7). Calculate the highest common divisor of v and 12.
12
Suppose -2*d + 9*t - 4*t + 195 = 0, -d = t - 115. Let g(w) = 2*w**3 + 2*w**2 - 5*w + 6. Let n be g(2). What is the greatest common factor of n and d?
10
Suppose 415 = -5*d + 1585. Suppose 12*t = 4*r + 16*t - 116, -3*r + 2*t + 72 = 0. Calculate the greatest common divisor of r and d.
26
Let l(u) = u**3 + 23*u**2 + 3*u + 78. Let d be l(-23). Suppose -7*o + 536 = 2*s - d*o, 0 = 5*o + 15. Calculate the highest common factor of s and 106.
53
Let q be (-216)/(-7)*24/(648/189). What is the greatest common factor of 756 and q?
108
Suppose 0 = -b + 64 - 26. Let u be (-2 - -2) + -2 - -344. What is the greatest common factor of b and u?
38
Suppose -6*l - 5 = 13. Let n(p) = -p**2 - 6*p - 6. Let b be n(l). What is the greatest common divisor of 2 and b?
1
Let p(k) be the first derivative of 2*k**3 - 3*k**2/2 - 24*k + 44. Let d be p(-6). What is the highest common factor of d and 60?
30
Let y be (5 - 217/14)/((-6)/8). Suppose -22*r = y*r - 3420. Calculate the highest common factor of r and 5.
5
Suppose 31*x + 810 = 36*x. Let h be 28 + (2/4)/((-27)/x). Calculate the highest common factor of 200 and h.
25
Suppose -2*k + 3*w = -281, -k + 14*w - 12*w = -144. Calculate the highest common factor of 2054 and k.
26
Let r be (1 + 9)*(-228)/(-95). Calculate the highest common divisor of 546 and r.
6
Let c(t) = t**2 - 27*t - 678. Let s be c(-16). What is the highest common factor of s and 34?
2
Suppose 0 = 10*d - 60 - 30. Suppose 5*v - d = 1. Let x(y) = 44*y**3 + y - 2. Let u be x(v). Calculate the highest common factor of 32 and u.
32
Let w = -1344 - -3495. What is the greatest common factor of w and 9?
9
Let g be 98/343 + (-1)/((-28)/916). Calculate the highest common divisor of g and 7689.
33
Let r(z) be the first derivative of 7*z**2/2 - z + 40. Let u be r(4). What is the greatest common factor of u and 9?
9
Let p be (-64)/40*(-60010)/68. What is the highest common factor of 8 and p?
4
Let o be 1/4 - (-4059)/132. Suppose -33*y = -o*y - 46. Calculate the highest common factor of y and 575.
23
Let p(h) = h**3 + h**2 - 8*h + 19. Suppose 58 = 25*k + 158. Let r be p(k). Calculate the highest common divisor of r and 4.
1
Suppose -64 = -4*y - 48. Suppose 0 = 4*i - 5*u - 956, -5*i + 5*u + 689 + 511 = 0. Calculate the greatest common divisor of y and i.
4
Let x(q) = q**2 + 15*q - 29. Let u be x(-16). Let i be (u - -1)/4 + 48. Let h be (595/i)/(4/(-24))*-3. Calculate the greatest common divisor of h and 34.
34
Let r be 5884 - 266/(-70)*-5. What is the highest common factor of 23 and r?
23
Let x(r) = -r**3 + 6*r**2 + 3*r - 7. Let d be x(5). Suppose 9 = g + d. Let z be 214/9 - g/108. What is the highest common factor of z and 3?
3
Let v = 114 - 66. Let y be (((-50876)/(-115))/79)/(7/60). Calculate the highest common divisor of v and y.
48
Let c(h) be the second derivative of 7*h**3/6 - 19*h**2/2 + 3*h. Let w be (0 - 15/(-20))*12. Let b be c(w). Calculate the greatest common factor of b and 220.
44
Suppose -2*d - 5*q = -17940, 2*d - 4864 = q + 13052. Calculate the highest common divisor of d and 70.
70
Suppose 1904*s - 3811*s = -1892*s - 185580. What is the greatest common divisor of 12 and s?
12
Let t = -173881 + 173932. Suppose 404 - 115 = u. Calculate the greatest common divisor of u and t.
17
Let d be 4 + 3*(-115)/(-15). Let y be (-8)/(-36) + 1/(d/777). Let o = y + -26. What is the greatest common divisor of 9 and o?
3
Let g(i) = -3*i**2 - 42*i - 7. Let q be g(-15). Let d = q + 172. What is the highest common divisor of 30 and d?
30
Let p be (1 - 5) + (1 - -231). Let a = p + -188. What is the greatest common divisor of 5 and a?
5
Let o be (3/9 - (-11 - 118/(-3)))*-36. Calculate the greatest common factor of 462 and o.
42
Let i be 32/12*45/12. Let p be (272/(-40) - -8)*(-500)/(-6). What is the highest common divisor of i and p?
10
Suppose 2*k - 19*k + 3570 = 0. Let t be k/10 - (7 + 0). Calculate the greatest common divisor of 42 and t.
14
Let g(y) = -y - 13. Let c be g(-18). Let n be (-8)/20 - (-162)/c. Suppose 12 = -z + 15, -2*o + 166 = 2*z. What is the greatest common divisor of o and n?
16
Suppose -4*h - 3*x + 18 = 0, -h + 3*h = 4*x - 2. Suppose -2*p + w + 18 = 1, -2*p - h*w = -13. Calculate the greatest common divisor of p and 5.
1
Suppose 20*z = 24642 + 16358. What is the highest common factor of 41 and z?
41
Let f = 7 - -3. Let p be 116/290 + (-34)/10. Let t be 18/p - (-26)/1. Calculate the greatest common factor of f and t.
10
Let h = 63 - -35. Suppose 0 = 5*g - 4*d - 175, -g = g + 4*d - h. Suppose -5*a + 26 = -3*a. What is the greatest common factor of a and g?
13
Suppose -5 = k, -4*w + 5*k + 0*k = -37. Let n = 4 - w. Let x be 37/(-555)*(-4 - -1) + 9/5. Calculate the highest common factor of x and n.
1
Let m = 903 + -287. Let s = 29815 + -29759. Calculate the highest common divisor of m and s.
56
Suppose 13*o - 11*o + 16 = 4*r, -5*r + 15 = 0. Let z be (26/(-130))/(o/90). What is the highest common factor of 8 and z?
1
Let f = -13033 + 13133. What is the highest common divisor of 16500 and f?
100
Let w be 4 - -6 - 6 - -136. What is the greatest common factor of 1288 and w?
28
Let x(y) be the second derivative of -y**3/2 + y**2 - 7*y. Let m be x(-1). Suppose 0 = 6*a - m*a - 24. Calculate t